atest common factor of z and n.
1
Suppose -8*l - 15 = -255. Calculate the highest common divisor of l and 15.
15
Let w(r) = -3*r**3 + r + 2. Suppose 0 = -0*j - 2*j. Let p = -2 - j. Let z be w(p). What is the highest common factor of z and 3?
3
Suppose 4*x - 12 = 0, -x - 1 - 29 = -3*j. What is the highest common divisor of j and 22?
11
Let c = 5 - 3. Let u be (-2)/12*c*-18. Let i(t) = -9*t - 3. Let p be i(-2). Calculate the highest common divisor of u and p.
3
Let q = 4 - -48. What is the highest common divisor of 78 and q?
26
Let t(s) = -7*s + 4. Let w(b) = 7*b - 4. Let v(l) = 4*t(l) + 3*w(l). Let n be v(-7). Suppose 3*f - 163 = n. What is the highest common factor of 9 and f?
9
Let c be (-10)/(-4)*36/6. Calculate the greatest common factor of 45 and c.
15
Let d = 410 - 258. Calculate the greatest common divisor of d and 19.
19
Let i(t) = -2*t + 3. Let p be i(-5). Calculate the highest common factor of 13 and p.
13
Let g = 35 + -22. What is the highest common divisor of g and 13?
13
Suppose 46 = 2*i + 4. Let y = 5 - 7. Let p be (-70)/5*3/y. What is the highest common divisor of p and i?
21
Suppose -5*y = v - 88, 530 = 5*v + y + 138. Let s be 9 + -11 + 7 + 8. What is the greatest common divisor of s and v?
13
Suppose 3*o = 7*o - 392. Suppose 2*g - 7*g - 1 = p, 2*p + 3*g - 19 = 0. Calculate the highest common divisor of o and p.
14
Let l(h) = 3*h + 5*h - 2*h - 5 + 5*h**2. Let v be l(-5). Calculate the greatest common divisor of v and 36.
18
Let a be (-2)/3 + (-1220)/(-30). What is the greatest common divisor of a and 16?
8
Let h(k) = 8*k**2 - 5*k + 15. Let q be h(6). Calculate the greatest common divisor of q and 39.
39
Suppose -1 - 3 = -2*m. Let r = -9 + 15. What is the highest common factor of m and r?
2
Let y = 101 - 46. What is the greatest common factor of 10 and y?
5
Let z = -166 + 355. Let f = -129 + z. What is the highest common factor of 24 and f?
12
Let c(y) = 2*y + 52. Let z be c(0). What is the highest common divisor of z and 13?
13
Suppose 0 = -3*v - v. Suppose v = 3*a + 4*b - 28, 4*a - 2*b = 3*b + 58. Calculate the greatest common factor of a and 36.
12
Let q be (12/9)/(1/(-6)). Let o = -4 - q. Suppose 0 = -3*u - u + 64. Calculate the greatest common divisor of u and o.
4
Suppose 4*b + j = 136, -3*j - 2*j = -2*b + 90. Let f be (14/3)/((-4)/(-12)). Calculate the greatest common factor of f and b.
7
Let y be (-1)/((-1)/50*1). Suppose -4*s + s = -4*g - y, -3*s - g = -70. What is the highest common divisor of s and 55?
11
Let p = 127 - 114. Calculate the highest common factor of p and 208.
13
Suppose -2*t = -11*t + 648. Calculate the highest common factor of 8 and t.
8
Let k(s) = -2*s + 4. Let g = -7 - -4. Let r be k(g). Let x = 34 - r. Calculate the greatest common factor of 3 and x.
3
Suppose -p = -0*p + 6. Let y be ((-4)/p)/((-2)/(-9)). Calculate the highest common factor of y and 2.
1
Let q = 273 + -129. What is the highest common factor of q and 48?
48
Suppose -2*h + 5*h - 147 = 0. Suppose 4*j + h - 193 = 0. Let v be (-2)/12 + 219/18. What is the highest common divisor of j and v?
12
Suppose -4*i = -q + 2*q - 36, 4*q + 27 = 3*i. Let y = 10 + i. Suppose -d + 0*d = -152. What is the highest common divisor of d and y?
19
Let d be 64 - (-5 - (3 + -7)). What is the highest common factor of d and 13?
13
Suppose 47*m - 43*m = 440. Suppose -3*b - 16 + 46 = 0. Calculate the greatest common factor of m and b.
10
Suppose 22 = 3*g - 5. Suppose 2*t - 43 = 11. What is the highest common factor of g and t?
9
Let v = 29 + -26. Suppose v*j - 71 = 1. Suppose 5 = -3*o + b + 33, -4*b = o + 8. What is the highest common divisor of j and o?
8
Let s(v) = 7*v - 3. Let a(o) = 8*o - 4. Let p(h) = 3*a(h) - 4*s(h). Let c be p(-6). What is the highest common factor of 8 and c?
8
Let z(j) = -j**3 + 6*j**2 - 6*j + 5. Let y be z(5). Let r(h) = y*h + 4 + 2 - h. Let i be r(-6). What is the highest common factor of i and 36?
12
Let u(p) = p + 84. Let o be u(0). Suppose -4*x - 4*q = o, -3*q + 0*q = -4*x - 49. Let l be (-2 + -1)/6*x. Calculate the highest common divisor of 1 and l.
1
Suppose h + 855 = -2*h. Let g = 402 + h. What is the greatest common divisor of g and 13?
13
Let t be (-10)/(-8)*(4 + 0). Suppose 6*w - t*w = 1. What is the greatest common factor of 1 and w?
1
Let v = -26 - -41. Calculate the greatest common factor of 30 and v.
15
Let h = 181 + 28. Let s be (290/(-4))/5*-4. Let v = s + -39. Calculate the greatest common factor of h and v.
19
Suppose -2 = 3*k - 20. Let g(f) = f**2 - 4*f + 1. Let p be g(5). Calculate the greatest common divisor of k and p.
6
Suppose 7*t - 40 = 2*t. Let u be 2/(-10) - 322/(-10). Calculate the highest common factor of t and u.
8
Suppose 5*m = q - 15, 4*q - 3*m - 1 = 5*q. Suppose -q*b + 28 = -4*b. What is the highest common divisor of b and 14?
14
Let n = -6 + -5. Let h = n + 27. Calculate the highest common divisor of 64 and h.
16
Suppose -11*i + i + 180 = 0. Let f = 459 - 297. Calculate the greatest common factor of f and i.
18
Let i(p) = 33*p**2 + p. Let o be i(1). Let n = o - 14. What is the greatest common divisor of 20 and n?
20
Suppose 0 = 2*m - 3*j + 135, -3*j + 3 = -0. Let c be -3*(2 - m/(-9)). Let d = 17 + 127. What is the highest common factor of c and d?
16
Let t(f) = 8*f - 3. Let z be t(1). What is the highest common divisor of 10 and z?
5
Let k be 2/5 + 16/10. Suppose -k*z + 0*z = -24. Calculate the greatest common divisor of 36 and z.
12
Let z be ((-230)/15)/(6/(-81)). What is the greatest common factor of 23 and z?
23
Let b be (58/6)/(2/12). Let o = b - 10. Calculate the greatest common factor of o and 12.
12
Suppose 6*k - 15 = 3*k. What is the greatest common factor of k and 45?
5
Let i = -2 - -5. Suppose -i*s = s - 260. What is the highest common divisor of 26 and s?
13
Let d(y) = -y + 5. Let h be d(7). Let b be (-1 + h - -6) + -1. Let f be (-2 - -3)/(b/12). Calculate the highest common divisor of f and 54.
6
Let d(u) be the third derivative of -841*u**4/24 - u**3/6 + 2*u**2. Let o be d(-1). Suppose 0 = -8*t + 3*t + o. What is the greatest common factor of 21 and t?
21
Let n be 3/(-2 - 1/(-2)). Let l(f) = -16*f - 2. Let k be l(n). What is the greatest common factor of k and 10?
10
Suppose 4*y = y + 102. Calculate the greatest common divisor of 17 and y.
17
Let f be (-70)/(-30) + 1/(-3). Suppose -f*k - 2*g = 2*g - 38, 3*g = 5*k - 30. Calculate the greatest common factor of 9 and k.
9
Suppose 4*s - 7*s + 180 = 0. Suppose q - 4*f - 34 - s = 0, 2*q = 3*f + 183. What is the greatest common divisor of q and 10?
10
Let v(f) = f - 7. Let s be v(0). Let u be (-26)/(-7) + (-2)/s. Let z = 1 + 27. Calculate the greatest common divisor of u and z.
4
Let l(p) = 3*p + 12. Let c be l(9). What is the highest common factor of 6 and c?
3
Let h = 40 - -38. What is the greatest common factor of h and 6?
6
Let s = 5 - 2. Let y(m) = -m**3 + 4*m**2 + 2*m - 1. Let g be y(s). What is the greatest common divisor of 21 and g?
7
Let p(l) = -10*l + 3. Let d = 1 - 7. Let s be p(d). Calculate the greatest common divisor of 7 and s.
7
Let j = -1 + 21. Calculate the greatest common divisor of 30 and j.
10
Suppose 0 = 3*j - 2*h + 28, 0 = 5*j + 4*h + 60 + 16. Let z = -7 - j. Suppose -z = -r - 0. Calculate the greatest common divisor of r and 25.
5
Let o(d) = -d**2 + 9*d + 6. Let x be o(8). Let w be -2 - (-15)/(-6)*-22. Let g = 88 - w. What is the highest common divisor of g and x?
7
Let i(a) = -a + 7. Let l be i(-6). What is the highest common factor of l and 117?
13
Let g be -2 + (-5)/((-20)/16). Let u be g + 24/4 - -2. What is the highest common factor of 90 and u?
10
Let q be (88/(-5))/((-4)/10). Suppose -5*h + h + 6 = 2*j, -2*h = -3*j + 41. Calculate the highest common factor of j and q.
11
Let o be 1 - (-1 + 0) - -4. Let z = 9 + 15. Calculate the highest common factor of z and o.
6
Suppose 0 = 4*s - 0 - 8. Let z = s + -4. Let u be z/(-5) + (-324)/(-15). What is the highest common divisor of 11 and u?
11
Let v = -35 + 49. Suppose -116 - v = -5*t. What is the highest common factor of t and 39?
13
Suppose -4*t = -67 + 11. What is the highest common divisor of t and 42?
14
Let v(u) = -u + 4 + 2*u - 6. Let p be v(3). Let d(o) = 78*o - 1. Let h be d(p). What is the greatest common divisor of 7 and h?
7
Suppose 0 = -3*r + 6*r - 108. Let v 